ive z(-146).
2
Let h(n) = 149*n - 704. Give h(7).
339
Let i(f) = -f**3 - 41*f**2 + 591*f + 24213. What is i(-41)?
-18
Let v(u) = 9*u**2 + 16*u - 302. Calculate v(-7).
27
Let q(h) = -2*h**2 + 279*h + 2524. What is q(148)?
8
Let y(o) = -o**2 - 2807*o - 426305. What is y(-161)?
-299
Let o(v) = 2*v**2 - 753*v - 57248. What is o(-65)?
147
Let i(o) = -74*o - 15821. Give i(-206).
-577
Let z(k) = k**3 - 12*k**2 - 530*k - 5366. What is z(33)?
13
Let y(q) = 285*q**2 + 15386*q - 162. Determine y(-54).
54
Let d(f) = -f**2 + 49*f - 332. Calculate d(51).
-434
Let m(t) = 111*t + 17250. What is m(-158)?
-288
Let j(o) = o**3 + 13*o**2 + 72*o + 34. Calculate j(-7).
-176
Let u(a) = -2313*a - 11239. Calculate u(-5).
326
Let x(j) = 394*j**2 + 155629*j - 406. Determine x(-395).
-11
Let n(z) = -2511*z - 145605. Give n(-58).
33
Let l(t) = -t**2 - 5238*t + 63021. Determine l(12).
21
Let d(f) = 7009*f + 84314. Determine d(-12).
206
Let d(y) = -8133*y + 162695. Give d(20).
35
Let h(f) = 4*f**2 - 28553*f + 142696. Determine h(5).
31
Let q(f) = 1098*f**2 + 92218*f - 1182. What is q(-84)?
-6
Let g(y) = 11*y**3 - 90*y**2 + 957*y - 866. Give g(1).
12
Let v(z) = -z**3 + 83*z**2 - 191*z - 15495. What is v(78)?
27
Let i(b) = 39*b + 3679. Give i(-89).
208
Let q(m) = -m**3 - 6*m**2 - 52721*m - 263625. Determine q(-5).
-45
Let w(z) = -574*z - 77921. Determine w(-138).
1291
Let p(w) = w**2 + 66*w - 10868. Calculate p(76).
-76
Let l(o) = 201*o**2 - 3662*o + 3663. Calculate l(1).
202
Let w(g) = -g**3 + 120*g**2 + 230*g + 1710. What is w(122)?
2
Let g(b) = -11*b**2 - 2812*b - 1827. Determine g(-255).
-42
Let m(q) = 2842*q - 136366. What is m(47)?
-2792
Let i(m) = 668*m - 4932. Calculate i(14).
4420
Let s(u) = 1104*u - 19413. Determine s(15).
-2853
Let l(u) = -27019*u - 3647560. Determine l(-135).
5
Let w(u) = -u**3 + 317*u**2 + 3745*u + 4. Give w(-12).
2440
Let f(v) = -10*v**2 - 1115*v - 24621. Determine f(-30).
-171
Let g(w) = 2*w**3 + 17*w**2 - 161*w + 307. Determine g(3).
31
Let f(p) = 5*p**3 + 870*p**2 - 872*p + 520. Give f(-175).
-5
Let p(b) = -3*b**2 - 327*b - 5965. Determine p(-23).
-31
Let r(h) = 3*h**2 - 130*h + 1028. Determine r(33).
5
Let x(t) = t**3 - 15*t**2 + 327*t - 7364. What is x(19)?
293
Let f(o) = 176*o**2 + 1108*o + 309. Calculate f(-6).
-3
Let b(s) = -1013*s - 1032. What is b(0)?
-1032
Let c(b) = 1448*b**2 + 506812*b + 4207. Give c(-350).
7
Let p(o) = 5*o**3 + 15*o**2 + 264*o + 800. Calculate p(-3).
8
Let y(r) = -r**3 - 82*r**2 - 116*r + 3496. Give y(-80).
-24
Let d(f) = f**3 + 503*f**2 + 7794*f + 1133. Give d(-487).
159
Let s(n) = 2*n**3 + 21*n**2 - 421*n + 423. Calculate s(12).
1851
Let k(s) = -82*s + 681. What is k(-13)?
1747
Let b(h) = -h**2 + 121*h - 1962. Determine b(101).
58
Let o(d) = 2*d**3 + 54*d**2 + 203*d + 2643. Give o(-25).
68
Let b(p) = -4*p**3 + 17*p**2 + 72*p - 3. What is b(-4)?
237
Let x(t) = 8*t**3 - 46*t**2 - 90*t + 625. Calculate x(5).
25
Let m(o) = 2*o**2 - 15999*o + 31981. Determine m(2).
-9
Let i(o) = -11*o**3 - 308*o**2 - 31*o - 857. Calculate i(-28).
11
Let p(w) = -2*w**2 + 34*w + 8631. Calculate p(80).
-1449
Let c(q) = -9762*q + 29277. Give c(3).
-9
Let k(q) = -q**3 + 58*q**2 - 73*q - 647. What is k(56)?
1537
Let t(x) = 2*x**2 + 1239*x + 144494. Determine t(-156).
-118
Let c(m) = 8800195*m + 123202733. Give c(-14).
3
Let a(g) = 59*g**2 - 569*g - 1582. Give a(12).
86
Let q(x) = -2*x**3 - 6795*x**2 - 27164*x - 56. Calculate q(-4).
8
Let x(c) = -c - 84. What is x(20)?
-104
Let n(o) = -2*o**3 - 685*o**2 - 57746*o + 139. Calculate n(-150).
-461
Let o(t) = 2*t**2 + 762*t - 32747. Calculate o(-420).
13
Let w(l) = -83*l**2 - 43*l - 6. Calculate w(-3).
-624
Let n(i) = 2490*i - 1743001. Give n(700).
-1
Let k(f) = -253155*f - 1772092. What is k(-7)?
-7
Let d(n) = -9263*n - 152891. What is d(-17)?
4580
Let b(s) = s**3 - 10*s**2 - 94787*s + 568880. Determine b(6).
14
Let m(a) = -2925*a - 617130. What is m(-211)?
45
Let c(o) = 22*o**2 + 111*o - 482. What is c(5)?
623
Let h(m) = m**2 - 164*m + 2259. Give h(41).
-2784
Let t(k) = -38980*k + 2260674. Give t(58).
-166
Let f(b) = 14*b**2 - 210*b + 108. Calculate f(14).
-88
Let v(r) = 2*r**3 + 184*r**2 + 3351*r + 56. Determine v(-67).
-11
Let y(x) = -625*x**2 + 725*x - 95. Give y(1).
5
Let j(x) = x**3 - 59*x**2 + 264*x - 52. Determine j(54).
-376
Let t(r) = -11*r**3 + 475*r**2 - 102*r + 738. Determine t(43).
50
Let y(n) = -n**2 - 100*n - 2550. Calculate y(-33).
-339
Let p(c) = 228*c**2 + 3813*c - 3812. What is p(1)?
229
Let l(v) = 661*v - 11897. Give l(18).
1
Let t(z) = -z**2 + 9225*z - 193215. Give t(21).
69
Let j(x) = 3061*x + 24488. Calculate j(-8).
0
Let t(w) = w**3 - 82*w**2 - 70*w - 748. Determine t(83).
331
Let x(r) = -r**3 + 385*r**2 + 2302*r + 17078. Calculate x(391).
-126
Let b(t) = 771*t**2 - 6206*t + 208. Determine b(8).
-96
Let x(q) = 669*q - 59562. What is x(89)?
-21
Let n(k) = -2*k**2 - 11891*k - 11888. What is n(-1)?
1
Let y(g) = -2201*g - 202921. Give y(-92).
-429
Let s(b) = -27489*b + 1374446. What is s(50)?
-4
Let d(j) = -413*j - 21078. Give d(-51).
-15
Let p(w) = 1462*w + 17056. What is p(-12)?
-488
Let c(p) = 5*p**3 + 21*p**2 + 45*p + 190. Calculate c(-5).
-135
Let l(q) = q**2 + 26619*q + 558437. What is l(-21)?
-121
Let d(u) = -41*u - 856. What is d(1)?
-897
Let b(c) = -3*c**2 - 1647*c + 65763. Determine b(39).
-3033
Let s(z) = -30*z**3 + 11909*z**2 + 392*z + 2003. What is s(397)?
18
Let s(q) = -7*q**3 + 3*q**2 - 3*q - 9. Determine s(3).
-180
Let v(p) = -19*p**2 - 58*p + 380. Determine v(3).
35
Let h(n) = -n**3 + 128*n**2 + 359*n + 4482. Calculate h(131).
28
Let z(w) = -60*w - 981. Determine z(-18).
99
Let c(w) = 4*w**3 - 171*w**2 + 181*w + 4336. Calculate c(41).
-10
Let x(i) = -i**3 + 11*i**2 - 77*i + 94. Calculate x(4).
-102
Let o(g) = 2839*g + 107868. Give o(-38).
-14
Let h(n) = 70*n**2 + 434*n + 114. Calculate h(-6).
30
Let j(v) = -78*v**3 + 8735*v**2 + 119*v - 772. Calculate j(112).
12
Let m(n) = 8*n**2 - 4702*n - 24897. Determine m(593).
9
Let b(c) = 54*c**2 - 2032*c + 18855. What is b(21)?
-3
Let n(u) = -3*u**2 - 2923*u + 14673. Calculate n(5).
-17
Let w(d) = d**3 + 20*d**2 - 86*d - 1668. Determine w(-8).
-212
Let g(l) = -l**2 + 15209*l + 5. Determine g(0).
5
Let t(w) = -41*w**2 - 1715*w + 2076. Calculate t(-43).
12
Let q(g) = -1925*g - 17645. Give q(-8).
-2245
Let a(s) = 69*s**2 - 783*s - 1561. Give a(-2).
281
Let o(m) = 2*m**3 + 43*m**2 + 287*m + 579. Give o(-12).
-129
Let o(c) = c**3 - 19*c**2 + 468*c - 4602. What is o(12)?
6
Let k(j) = j**3 - 140*j**2 + 1255*j + 5865. Calculate k(130).
15
Let i(s) = -3*s**2 - 1795*s + 9037. Give i(5).
-13
Let z(a) = 2*a**2 + 2694*a + 867722. Determine z(-814).
-2
Let g(p) = -12179*p - 12201. Give g(-1).
-22
Let y(n) = -55*n**3 - 51*n**2 + 2*n - 14. What is y(-4)?
2682
Let f(l) = 162147*l + 9080232. Give f(-56).
0
Let y(s) = -61*s**2 + 703*s + 348. Calculate y(12).
0
Let v(n) = 129*n + 13218. Calculate v(-86).
2124
Let v(z) = -3509*z - 10343. Determine v(-3).
184
Let z(n) = 3342*n - 150150. What is z(45)?
240
Let u(s) = 83*s**2 - 338*s - 1020. Determine u(-3).
741
Let n(d) = 44122*d + 308885. Give n(-7).
31
Let o(b) = 159*b + 12318. What is o(-76)?
234
Let a(g) = -13*g**3 - 94*g**2 - 6*g + 117. What is a(-7)?
12
Let k(l) = 5434*l - 1596. What is k(0)?
-1596
Let n(p) = -620*p**2 - 4952*p + 7. Calculate n(-8).
-57
Let n(y) = -57*y**3 - 15*y**2 + 166*y - 336. Give n(2).
-520
Let b(g) = -17584*g - 193503. Determine b(-11).
-79
Let d(i) = 7490*i + 22660. Give d(-3).
190
Let z(m) = 1595*m + 80113. Give z(-50).
363
Let d(o) = 4138*o + 103462. Calculate d(-25).
12
Let z(c) = 283*c**2 + 54*c + 13. Calculate z(1).
350
Let d(y) = 21*y**3 + 26*y**2 - 292*y - 296. Calculate d(-1).
1
Let f(r) = 241*r - 5674. Calculate f(23).
-131
Let s(p) = -2*p**3 - 306*p**2 - 1126*p + 9834. What is s(-149)?
0
Let i(l) = 11*l**3 - 373*l**2 - 29*l + 336. Give i(34).
506
Let u(k) = 83*k**3 - 5*k**2 + 3*k + 24. Give u(-2).
-666
Let k(d) = 24*d + 2015. What is k(-77)?
167
Let m(x) = -x**2 + 265*x - 10512. Give m(60).
1788
Let k(i) = -2*i**2 + 10018*i + 50235. What is k(-5)?
95
Let a(g) = -1691*g - 854. Determine a(1).
-2545
Let m(c) = -29*c**2 - 3683*c - 24371. What is m(-7)?
-11
Let j(t) = -t**3 + 24*t**2 - t + 32. Calculate j(-6).
1118
Let f(d) = 529*d**2 - 1042*d + 3. 